
What is the units digit of 327035?
5
What is the tens digit of 221548?
4
What is the tens digit of 638578?
7
What is the units digit of 2769496?
6
What is the hundred thousands digit of 297972?
2
What is the thousands digit of 6814523?
4
What is the hundred thousands digit of 5102452?
1
What is the hundred thousands digit of 31195642?
1
What is the millions digit of 2058260?
2
What is the units digit of 451144?
4
What is the hundred thousands digit of 1081087?
0
What is the ten thousands digit of 33428?
3
What is the tens digit of 20323863?
6
What is the tens digit of 1318153?
5
What is the millions digit of 1527424?
1
What is the millions digit of 10907788?
0
What is the hundreds digit of 700902?
9
What is the ten thousands digit of 1193767?
9
What is the units digit of 350892?
2
What is the tens digit of 6547130?
3
What is the hundreds digit of 70290?
2
What is the tens digit of 163690?
9
What is the hundred thousands digit of 815200?
8
What is the tens digit of 1038901?
0
What is the ten thousands digit of 2051721?
5
What is the thousands digit of 1847122?
7
What is the millions digit of 1196778?
1
What is the units digit of 1267980?
0
What is the millions digit of 2162497?
2
What is the hundreds digit of 3951073?
0
What is the tens digit of 9566?
6
What is the tens digit of 663862?
6
What is the thousands digit of 633412?
3
What is the hundreds digit of 45531?
5
What is the units digit of 1072269?
9
What is the millions digit of 4826478?
4
What is the millions digit of 2956191?
2
What is the units digit of 4506803?
3
What is the hundreds digit of 4662690?
6
What is the hundreds digit of 2948327?
3
What is the tens digit of 290954?
5
What is the tens digit of 6206491?
9
What is the tens digit of 577129?
2
What is the millions digit of 15940313?
5
What is the thousands digit of 947782?
7
What is the hundreds digit of 4500572?
5
What is the millions digit of 1190351?
1
What is the thousands digit of 9619775?
9
What is the tens digit of 3160276?
7
What is the hundred thousands digit of 658842?
6
What is the millions digit of 1600409?
1
What is the tens digit of 2822852?
5
What is the tens digit of 253072?
7
What is the hundred thousands digit of 668362?
6
What is the hundreds digit of 135941?
9
What is the thousands digit of 7095505?
5
What is the ten thousands digit of 455393?
5
What is the hundred thousands digit of 206547?
2
What is the hundred thousands digit of 5066325?
0
What is the ten thousands digit of 6242744?
4
What is the hundred thousands digit of 1714099?
7
What is the units digit of 9045205?
5
What is the hundred thousands digit of 2053021?
0
What is the ten thousands digit of 53481?
5
What is the tens digit of 8382524?
2
What is the millions digit of 6075173?
6
What is the hundreds digit of 1321682?
6
What is the hundreds digit of 243422?
4
What is the hundred thousands digit of 2554705?
5
What is the hundred thousands digit of 5309799?
3
What is the hundreds digit of 7642596?
5
What is the ten thousands digit of 1592516?
9
What is the ten millions digit of 25404531?
2
What is the hundreds digit of 492111?
1
What is the thousands digit of 33964?
3
What is the hundred thousands digit of 679121?
6
What is the units digit of 681763?
3
What is the units digit of 9001782?
2
What is the thousands digit of 12459601?
9
What is the ten thousands digit of 57727?
5
What is the millions digit of 18939219?
8
What is the thousands digit of 12543628?
3
What is the millions digit of 1826424?
1
What is the tens digit of 1452148?
4
What is the units digit of 223666?
6
What is the hundred thousands digit of 605841?
6
What is the hundred thousands digit of 15382134?
3
What is the ten thousands digit of 3065263?
6
What is the thousands digit of 33258?
3
What is the tens digit of 2070030?
3
What is the ten thousands digit of 636685?
3
What is the ten millions digit of 19046967?
1
What is the units digit of 2633550?
0
What is the tens digit of 232865?
6
What is the tens digit of 3410520?
2
What is the hundred thousands digit of 145405?
1
What is the thousands digit of 54259?
4
What is the hundreds digit of 121219?
2
What is the tens digit of 2344672?
7
What is the hundred thousands digit of 955648?
9
What is the tens digit of 1132923?
2
What is the thousands digit of 6286355?
6
What is the hundreds digit of 1891561?
5
What is the thousands digit of 734204?
4
What is the hundred thousands digit of 478268?
4
What is the tens digit of 10390121?
2
What is the tens digit of 379395?
9
What is the thousands digit of 5343513?
3
What is the units digit of 15229462?
2
What is the hundreds digit of 454450?
4
What is the ten thousands digit of 34350?
3
What is the hundred thousands digit of 11773148?
7
What is the ten thousands digit of 1856663?
5
What is the hundred thousands digit of 5159500?
1
What is the hundred thousands digit of 9182919?
1
What is the millions digit of 19899468?
9
What is the ten thousands digit of 784002?
8
What is the thousands digit of 712016?
2
What is the thousands digit of 26428007?
8
What is the hundred thousands digit of 345204?
3
What is the ten thousands digit of 8364730?
6
What is the thousands digit of 498859?
8
What is the thousands digit of 2289332?
9
What is the thousands digit of 1196299?
6
What is the units digit of 25145513?
3
What is the tens digit of 4872552?
5
What is the thousands digit of 18428238?
8
What is the ten thousands digit of 1611855?
1
What is the millions digit of 1148300?
1
What is the thousands digit of 17636863?
6
What is the tens digit of 226854?
5
What is the ten thousands digit of 883948?
8
What is the ten thousands digit of 57780?
5
What is the millions digit of 1822501?
1
What is the hundred thousands digit of 2111205?
1
What is the tens digit of 246581?
8
What is the hundreds digit of 1680041?
0
What is the units digit of 21723347?
7
What is the hundred thousands digit of 646754?
6
What is the hundred thousands digit of 5341655?
3
What is the hundred thousands digit of 4910435?
9
What is the ten thousands digit of 14488303?
8
What is the ten thousands digit of 4754944?
5
What is the hundreds digit of 2542425?
4
What is the thousands digit of 268052?
8
What is the tens digit of 2592762?
6
What is the ten thousands digit of 26256672?
5
What is the thousands digit of 87717?
7
What is the thousands digit of 104806?
4
What is the thousands digit of 254318?
4
What is the units digit of 1248738?
8
What is the hundred thousands digit of 380421?
3
What is the hundreds digit of 167026?
0
What is the ten thousands digit of 17277312?
7
What is the hundreds digit of 645685?
6
What is the tens digit of 1468092?
9
What is the tens digit of 4653782?
8
What is the millions digit of 8242218?
8
What is the tens digit of 601569?
6
What is the hundreds digit of 1828?
8
What is the hundreds digit of 2155760?
7
What is the thousands digit of 141386?
1
What is the thousands digit of 5785745?
5
What is the tens digit of 7996596?
9
What is the units digit of 2567803?
3
What is the millions digit of 1145817?
1
What is the millions digit of 1795281?
1
What is the hundreds digit of 201641?
6
What is the hundreds digit of 1235246?
2
What is the hundreds digit of 579509?
5
What is the hundred thousands digit of 23660365?
6
What is the millions digit of 3645926?
3
What is the tens digit of 1083647?
4
What is the millions digit of 1165199?
1
What is the units digit of 554966?
6
What is the tens digit of 2826860?
6
What is the thousands digit of 405690?
5
What is the hundreds digit of 223289?
2
What is the tens digit of 557662?
6
What is the hundred thousands digit of 17652260?
6
What is the tens digit of 713646?
4
What is the hundred thousands digit of 5288118?
2
What is the hundred thousands digit of 4278541?
2
What is the ten thousands digit of 132611?
3
What is the units digit of 514918?
8
What is the hundreds digit of 221686?
6
What is the thousands digit of 497968?
7
What is the millions digit of 1112514?
1
What is the units digit of 11550410?
0
What is the millions digit of 3474899?
3
What is the thousands digit of 41158409?
8
What is the tens digit of 37183344?
4
What is the hundred thousands digit of 1163623?
1
What is the hundred thousands digit of 290710?
2
What is the tens digit of 2318635?
3
What is the hundreds